{"id":153,"date":"2023-03-15T08:28:16","date_gmt":"2023-03-15T07:28:16","guid":{"rendered":"https:\/\/trockenbau-hiller.de\/?page_id=153"},"modified":"2023-06-16T16:22:25","modified_gmt":"2023-06-16T14:22:25","slug":"brandschutz-bauelemente","status":"publish","type":"page","link":"https:\/\/trockenbau-hiller.de\/?page_id=153","title":{"rendered":"Brandschutz &#038; Bauelemente"},"content":{"rendered":"<p>[et_pb_section fb_built=&#8220;1&#8243; _builder_version=&#8220;4.19.4&#8243; _module_preset=&#8220;5691456f-b4ad-4a6a-a9ea-855fc0d1762a&#8220; global_colors_info=&#8220;{}&#8220; theme_builder_area=&#8220;post_content&#8220;][et_pb_row column_structure=&#8220;1_2,1_2&#8243; _builder_version=&#8220;4.19.4&#8243; _module_preset=&#8220;986a95ea-5f1f-4338-8b48-e81a2e201796&#8243; pac_drh_enable_stacking=&#8220;pac_drh_stack_row pac_drh_stack_tab_mob&#8220; global_colors_info=&#8220;{}&#8220; theme_builder_area=&#8220;post_content&#8220;][et_pb_column type=&#8220;1_2&#8243; _builder_version=&#8220;4.19.4&#8243; _module_preset=&#8220;0ee0cf15-7222-4d01-9b48-4d3ef8456ce8&#8243; pac_drh_add_staking_order_tab=&#8220;pac_drh_order_tab_two&#8220; pac_drh_add_staking_order_mob=&#8220;pac_drh_order_mob_two&#8220; global_colors_info=&#8220;{}&#8220; theme_builder_area=&#8220;post_content&#8220;][et_pb_text _builder_version=&#8220;4.19.4&#8243; _module_preset=&#8220;637e9e69-3fcc-4b84-a886-305909b230bc&#8220; global_colors_info=&#8220;{}&#8220; theme_builder_area=&#8220;post_content&#8220;]<\/p>\n<h2>Effektiver Brandschutz durch Trockenbausysteme<\/h2>\n<div class=\"subheadline\">Unser Service umfasst Lieferung und Montage folgender Brandschutz- und Bauelemente:<\/div>\n<ul>\n<li>Schiebet\u00fcren vor\/in der Wand<\/li>\n<li>Stahl- und Holzt\u00fcren in verschiedenen dB-Werten: Schallschutzt\u00fcren, Brandschutzt\u00fcren, Sicherheitst\u00fcren und Rauchschutzt\u00fcren<\/li>\n<li>T\u00fcren mit elektronischer Steuerung\/automatischem T\u00fcrantrieb (T\u00fcren \u00f6ffnen und schlie\u00dfen selbstt\u00e4tig)<\/li>\n<li>T\u00fcren mit Festverglasung<\/li>\n<li>Schall-EX Bodendichtung f\u00fcr Holz- und Stahlt\u00fcrbl\u00e4tter<\/li>\n<li>Festverglasungen in Trockenbauw\u00e4nden (z. B.<\/li>\n<li>Systempartner KNAUF mit EasyWin)<\/li>\n<li>Verglasung mit Alurahmen<\/li>\n<li>u.v.m.<\/li>\n<\/ul>\n<p>[\/et_pb_text][\/et_pb_column][et_pb_column type=&#8220;1_2&#8243; _builder_version=&#8220;4.19.4&#8243; _module_preset=&#8220;5a4c7eaf-4fc8-46ba-9c6e-0b877b6d4e24&#8243; pac_drh_add_staking_order_tab=&#8220;pac_drh_order_tab_one&#8220; pac_drh_add_staking_order_mob=&#8220;pac_drh_order_mob_one&#8220; global_colors_info=&#8220;{}&#8220; theme_builder_area=&#8220;post_content&#8220;][et_pb_image src=&#8220;https:\/\/trockenbau-hiller.de\/wp-content\/uploads\/2023\/03\/Projekt-H9.jpg&#8220; title_text=&#8220;Projekt-H9&#8243; _builder_version=&#8220;4.19.4&#8243; _module_preset=&#8220;default&#8220; image_aspect_ratio=&#8220;4\/3&#8243; global_colors_info=&#8220;{}&#8220; theme_builder_area=&#8220;post_content&#8220;][\/et_pb_image][\/et_pb_column][\/et_pb_row][\/et_pb_section][et_pb_section fb_built=&#8220;1&#8243; _builder_version=&#8220;4.19.4&#8243; _module_preset=&#8220;_initial&#8220; custom_margin=&#8220;0px||||false|false&#8220; custom_padding=&#8220;0px||5px||false|false&#8220; global_colors_info=&#8220;{}&#8220; theme_builder_area=&#8220;post_content&#8220;][et_pb_row _builder_version=&#8220;4.19.4&#8243; _module_preset=&#8220;default&#8220; custom_padding=&#8220;9px|||||&#8220; global_colors_info=&#8220;{}&#8220; theme_builder_area=&#8220;post_content&#8220;][et_pb_column type=&#8220;4_4&#8243; _builder_version=&#8220;4.19.4&#8243; _module_preset=&#8220;default&#8220; global_colors_info=&#8220;{}&#8220; theme_builder_area=&#8220;post_content&#8220;][et_pb_text _builder_version=&#8220;4.19.4&#8243; _module_preset=&#8220;default&#8220; quote_font=&#8220;Tilt Warp|||on|||||&#8220; quote_font_size=&#8220;20px&#8220; quote_line_height=&#8220;1.5em&#8220; global_colors_info=&#8220;{}&#8220; theme_builder_area=&#8220;post_content&#8220;]<\/p>\n<blockquote>\n<p>Vorbeugender Brandschutz ist nur wirksam, wenn die Brandschutzsysteme gezielt auf die jeweiligen Anforderungen abgestimmt sind. Wir arbeiten mit gepr\u00fcften und zugelassenen Systemen, denn nur diese garantieren im Brandfall Ihre Sicherheit.<\/p>\n<\/blockquote>\n<p>[\/et_pb_text][\/et_pb_column][\/et_pb_row][et_pb_row _builder_version=&#8220;4.20.4&#8243; _module_preset=&#8220;default&#8220; theme_builder_area=&#8220;post_content&#8220;][et_pb_column _builder_version=&#8220;4.20.4&#8243; _module_preset=&#8220;default&#8220; type=&#8220;4_4&#8243; theme_builder_area=&#8220;post_content&#8220;][difl_justifiedgallery _builder_version=&#8220;4.20.4&#8243; _module_preset=&#8220;de5df2ea-8d1c-461e-b606-63a7b72d0d5a&#8220; theme_builder_area=&#8220;post_content&#8220; gallery=&#8220;117,115,105,104,103,102,101&#8243; hover_enabled=&#8220;0&#8243; sticky_enabled=&#8220;0&#8243;][\/difl_justifiedgallery][\/et_pb_column][\/et_pb_row][\/et_pb_section]<\/p>\n","protected":false},"excerpt":{"rendered":"<p>Effektiver Brandschutz durch Trockenbausysteme Unser Service umfasst Lieferung und Montage folgender Brandschutz- und Bauelemente: Schiebet\u00fcren vor\/in der Wand Stahl- und Holzt\u00fcren in verschiedenen dB-Werten: Schallschutzt\u00fcren, Brandschutzt\u00fcren, Sicherheitst\u00fcren und Rauchschutzt\u00fcren T\u00fcren mit elektronischer Steuerung\/automatischem T\u00fcrantrieb (T\u00fcren \u00f6ffnen und schlie\u00dfen selbstt\u00e4tig) T\u00fcren mit Festverglasung Schall-EX Bodendichtung f\u00fcr Holz- und Stahlt\u00fcrbl\u00e4tter Festverglasungen in Trockenbauw\u00e4nden (z. B. Systempartner KNAUF [&hellip;]<\/p>\n","protected":false},"author":1,"featured_media":0,"parent":139,"menu_order":0,"comment_status":"closed","ping_status":"closed","template":"","meta":{"_acf_changed":false,"_et_pb_use_builder":"on","_et_pb_old_content":"<!-- wp:divi\/placeholder \/-->","_et_gb_content_width":"","footnotes":""},"class_list":["post-153","page","type-page","status-publish","hentry"],"acf":[],"yoast_head":"<!-- This site is optimized with the Yoast SEO plugin v26.7 - https:\/\/yoast.com\/wordpress\/plugins\/seo\/ -->\n<title>Effektiver Brandschutz &amp; Bauelemente durch Hiller Trockenbau<\/title>\n<meta name=\"description\" content=\"Hiller bietet effektiven Brandschutz und spezialisierte Bauelemente. Gew\u00e4hrleisten Sie Ihre Sicherheit. Erfahren Sie mehr auf unserer Webseite\" \/>\n<meta name=\"robots\" content=\"index, follow, max-snippet:-1, max-image-preview:large, max-video-preview:-1\" \/>\n<link rel=\"canonical\" href=\"https:\/\/trockenbau-hiller.de\/?page_id=153\" \/>\n<meta property=\"og:locale\" content=\"de_DE\" \/>\n<meta property=\"og:type\" content=\"article\" \/>\n<meta property=\"og:title\" content=\"Effektiver Brandschutz &amp; Bauelemente durch Hiller Trockenbau\" \/>\n<meta property=\"og:description\" content=\"Hiller bietet effektiven Brandschutz und spezialisierte Bauelemente. Gew\u00e4hrleisten Sie Ihre Sicherheit. Erfahren Sie mehr auf unserer Webseite\" \/>\n<meta property=\"og:url\" content=\"https:\/\/trockenbau-hiller.de\/?page_id=153\" \/>\n<meta property=\"og:site_name\" content=\"Hiller - Trockenbau Branschutz Bauelemente\" \/>\n<meta property=\"article:modified_time\" content=\"2023-06-16T14:22:25+00:00\" \/>\n<meta name=\"twitter:card\" content=\"summary_large_image\" \/>\n<meta name=\"twitter:label1\" content=\"Gesch\u00e4tzte Lesezeit\" \/>\n\t<meta name=\"twitter:data1\" content=\"3\u00a0Minuten\" \/>\n<script type=\"application\/ld+json\" class=\"yoast-schema-graph\">{\"@context\":\"https:\/\/schema.org\",\"@graph\":[{\"@type\":\"WebPage\",\"@id\":\"https:\/\/trockenbau-hiller.de\/?page_id=153\",\"url\":\"https:\/\/trockenbau-hiller.de\/?page_id=153\",\"name\":\"Effektiver Brandschutz & Bauelemente durch Hiller Trockenbau\",\"isPartOf\":{\"@id\":\"https:\/\/trockenbau-hiller.de\/#website\"},\"datePublished\":\"2023-03-15T07:28:16+00:00\",\"dateModified\":\"2023-06-16T14:22:25+00:00\",\"description\":\"Hiller bietet effektiven Brandschutz und spezialisierte Bauelemente. Gew\u00e4hrleisten Sie Ihre Sicherheit. Erfahren Sie mehr auf unserer Webseite\",\"breadcrumb\":{\"@id\":\"https:\/\/trockenbau-hiller.de\/?page_id=153#breadcrumb\"},\"inLanguage\":\"de\",\"potentialAction\":[{\"@type\":\"ReadAction\",\"target\":[\"https:\/\/trockenbau-hiller.de\/?page_id=153\"]}]},{\"@type\":\"BreadcrumbList\",\"@id\":\"https:\/\/trockenbau-hiller.de\/?page_id=153#breadcrumb\",\"itemListElement\":[{\"@type\":\"ListItem\",\"position\":1,\"name\":\"Startseite\",\"item\":\"https:\/\/trockenbau-hiller.de\/\"},{\"@type\":\"ListItem\",\"position\":2,\"name\":\"Leistungen\",\"item\":\"https:\/\/trockenbau-hiller.de\/?page_id=139\"},{\"@type\":\"ListItem\",\"position\":3,\"name\":\"Brandschutz &#038; Bauelemente\"}]},{\"@type\":\"WebSite\",\"@id\":\"https:\/\/trockenbau-hiller.de\/#website\",\"url\":\"https:\/\/trockenbau-hiller.de\/\",\"name\":\"Hiller - Trockenbau Branschutz Bauelemente\",\"description\":\"Trockenbau Leipzig\",\"potentialAction\":[{\"@type\":\"SearchAction\",\"target\":{\"@type\":\"EntryPoint\",\"urlTemplate\":\"https:\/\/trockenbau-hiller.de\/?s={search_term_string}\"},\"query-input\":{\"@type\":\"PropertyValueSpecification\",\"valueRequired\":true,\"valueName\":\"search_term_string\"}}],\"inLanguage\":\"de\"}]}<\/script>\n<!-- \/ Yoast SEO plugin. -->","yoast_head_json":{"title":"Effektiver Brandschutz & Bauelemente durch Hiller Trockenbau","description":"Hiller bietet effektiven Brandschutz und spezialisierte Bauelemente. Gew\u00e4hrleisten Sie Ihre Sicherheit. Erfahren Sie mehr auf unserer Webseite","robots":{"index":"index","follow":"follow","max-snippet":"max-snippet:-1","max-image-preview":"max-image-preview:large","max-video-preview":"max-video-preview:-1"},"canonical":"https:\/\/trockenbau-hiller.de\/?page_id=153","og_locale":"de_DE","og_type":"article","og_title":"Effektiver Brandschutz & Bauelemente durch Hiller Trockenbau","og_description":"Hiller bietet effektiven Brandschutz und spezialisierte Bauelemente. Gew\u00e4hrleisten Sie Ihre Sicherheit. Erfahren Sie mehr auf unserer Webseite","og_url":"https:\/\/trockenbau-hiller.de\/?page_id=153","og_site_name":"Hiller - Trockenbau Branschutz Bauelemente","article_modified_time":"2023-06-16T14:22:25+00:00","twitter_card":"summary_large_image","twitter_misc":{"Gesch\u00e4tzte Lesezeit":"3\u00a0Minuten"},"schema":{"@context":"https:\/\/schema.org","@graph":[{"@type":"WebPage","@id":"https:\/\/trockenbau-hiller.de\/?page_id=153","url":"https:\/\/trockenbau-hiller.de\/?page_id=153","name":"Effektiver Brandschutz & Bauelemente durch Hiller Trockenbau","isPartOf":{"@id":"https:\/\/trockenbau-hiller.de\/#website"},"datePublished":"2023-03-15T07:28:16+00:00","dateModified":"2023-06-16T14:22:25+00:00","description":"Hiller bietet effektiven Brandschutz und spezialisierte Bauelemente. Gew\u00e4hrleisten Sie Ihre Sicherheit. Erfahren Sie mehr auf unserer Webseite","breadcrumb":{"@id":"https:\/\/trockenbau-hiller.de\/?page_id=153#breadcrumb"},"inLanguage":"de","potentialAction":[{"@type":"ReadAction","target":["https:\/\/trockenbau-hiller.de\/?page_id=153"]}]},{"@type":"BreadcrumbList","@id":"https:\/\/trockenbau-hiller.de\/?page_id=153#breadcrumb","itemListElement":[{"@type":"ListItem","position":1,"name":"Startseite","item":"https:\/\/trockenbau-hiller.de\/"},{"@type":"ListItem","position":2,"name":"Leistungen","item":"https:\/\/trockenbau-hiller.de\/?page_id=139"},{"@type":"ListItem","position":3,"name":"Brandschutz &#038; Bauelemente"}]},{"@type":"WebSite","@id":"https:\/\/trockenbau-hiller.de\/#website","url":"https:\/\/trockenbau-hiller.de\/","name":"Hiller - Trockenbau Branschutz Bauelemente","description":"Trockenbau Leipzig","potentialAction":[{"@type":"SearchAction","target":{"@type":"EntryPoint","urlTemplate":"https:\/\/trockenbau-hiller.de\/?s={search_term_string}"},"query-input":{"@type":"PropertyValueSpecification","valueRequired":true,"valueName":"search_term_string"}}],"inLanguage":"de"}]}},"_links":{"self":[{"href":"https:\/\/trockenbau-hiller.de\/index.php?rest_route=\/wp\/v2\/pages\/153","targetHints":{"allow":["GET"]}}],"collection":[{"href":"https:\/\/trockenbau-hiller.de\/index.php?rest_route=\/wp\/v2\/pages"}],"about":[{"href":"https:\/\/trockenbau-hiller.de\/index.php?rest_route=\/wp\/v2\/types\/page"}],"author":[{"embeddable":true,"href":"https:\/\/trockenbau-hiller.de\/index.php?rest_route=\/wp\/v2\/users\/1"}],"replies":[{"embeddable":true,"href":"https:\/\/trockenbau-hiller.de\/index.php?rest_route=%2Fwp%2Fv2%2Fcomments&post=153"}],"version-history":[{"count":5,"href":"https:\/\/trockenbau-hiller.de\/index.php?rest_route=\/wp\/v2\/pages\/153\/revisions"}],"predecessor-version":[{"id":524,"href":"https:\/\/trockenbau-hiller.de\/index.php?rest_route=\/wp\/v2\/pages\/153\/revisions\/524"}],"up":[{"embeddable":true,"href":"https:\/\/trockenbau-hiller.de\/index.php?rest_route=\/wp\/v2\/pages\/139"}],"wp:attachment":[{"href":"https:\/\/trockenbau-hiller.de\/index.php?rest_route=%2Fwp%2Fv2%2Fmedia&parent=153"}],"curies":[{"name":"wp","href":"https:\/\/api.w.org\/{rel}","templated":true}]}}